79
List the prime factors of 30285.
3, 5, 673
What are the prime factors of 2859?
3, 953
What are the prime factors of 7949?
7949
What are the prime factors of 11862?
2, 3, 659
What are the prime factors of 12600?
2, 3, 5, 7
What are the prime factors of 1128?
2, 3, 47
List the prime factors of 1234.
2, 617
What are the prime factors of 2379?
3, 13, 61
What are the prime factors of 1342?
2, 11, 61
What are the prime factors of 1865?
5, 373
What are the prime factors of 14337?
3, 59
List the prime factors of 261.
3, 29
List the prime factors of 11650.
2, 5, 233
What are the prime factors of 2637?
3, 293
What are the prime factors of 1419?
3, 11, 43
What are the prime factors of 7086?
2, 3, 1181
What are the prime factors of 66498?
2, 3, 11083
What are the prime factors of 1486?
2, 743
What are the prime factors of 297?
3, 11
List the prime factors of 960.
2, 3, 5
What are the prime factors of 26332?
2, 29, 227
List the prime factors of 14337.
3, 59
What are the prime factors of 17758?
2, 13, 683
List the prime factors of 53486.
2, 47, 569
What are the prime factors of 4448?
2, 139
List the prime factors of 7229.
7229
What are the prime factors of 1210?
2, 5, 11
List the prime factors of 1987.
1987
What are the prime factors of 1285?
5, 257
What are the prime factors of 16151?
31, 521
What are the prime factors of 58468?
2, 47, 311
List the prime factors of 11384.
2, 1423
What are the prime factors of 498?
2, 3, 83
List the prime factors of 808.
2, 101
List the prime factors of 6187.
23, 269
What are the prime factors of 14449?
14449
What are the prime factors of 238?
2, 7, 17
What are the prime factors of 778?
2, 389
List the prime factors of 23971.
23971
List the prime factors of 1199.
11, 109
What are the prime factors of 114090?
2, 3, 5, 3803
List the prime factors of 896.
2, 7
What are the prime factors of 899?
29, 31
What are the prime factors of 939?
3, 313
List the prime factors of 1446.
2, 3, 241
What are the prime factors of 19693?
47, 419
What are the prime factors of 6816?
2, 3, 71
List the prime factors of 15381.
3, 1709
What are the prime factors of 17890?
2, 5, 1789
List the prime factors of 1493.
1493
What are the prime factors of 38974?
2, 13, 1499
List the prime factors of 10229.
53, 193
What are the prime factors of 478?
2, 239
List the prime factors of 396.
2, 3, 11
What are the prime factors of 4807?
11, 19, 23
What are the prime factors of 298?
2, 149
List the prime factors of 24658.
2, 12329
What are the prime factors of 1088?
2, 17
What are the prime factors of 1498?
2, 7, 107
What are the prime factors of 18775?
5, 751
What are the prime factors of 12851?
71, 181
List the prime factors of 2937.
3, 11, 89
List the prime factors of 49600.
2, 5, 31
List the prime factors of 1159.
19, 61
What are the prime factors of 533?
13, 41
What are the prime factors of 22547?
7, 3221
List the prime factors of 13281.
3, 19, 233
What are the prime factors of 38092?
2, 89, 107
List the prime factors of 13336.
2, 1667
List the prime factors of 1296.
2, 3
What are the prime factors of 9504?
2, 3, 11
List the prime factors of 1724.
2, 431
What are the prime factors of 255?
3, 5, 17
What are the prime factors of 3059?
7, 19, 23
What are the prime factors of 31180?
2, 5, 1559
List the prime factors of 114636.
2, 3, 41, 233
What are the prime factors of 31773?
3, 7, 17, 89
List the prime factors of 1069.
1069
List the prime factors of 5128.
2, 641
What are the prime factors of 189?
3, 7
What are the prime factors of 12418?
2, 7, 887
What are the prime factors of 1262?
2, 631
What are the prime factors of 1251?
3, 139
What are the prime factors of 1242?
2, 3, 23
List the prime factors of 85880.
2, 5, 19, 113
What are the prime factors of 626?
2, 313
List the prime factors of 1073.
29, 37
List the prime factors of 14036.
2, 11, 29
List the prime factors of 3650.
2, 5, 73
List the prime factors of 2518.
2, 1259
What are the prime factors of 4979?
13, 383
List the prime factors of 5055.
3, 5, 337
What are the prime factors of 6526?
2, 13, 251
What are the prime factors of 2358?
2, 3, 131
What are the prime factors of 5925?
3, 5, 79
What are the prime factors of 13648?
2, 853
List the prime factors of 24414.
2, 3, 13, 313
List the prime factors of 11004.
2, 3, 7, 131
What are the prime factors of 2690?
2, 5, 269
List the prime factors of 56530.
2, 5, 5653
What are the prime factors of 77593?
31, 2503
What are the prime factors of 47808?
2, 3, 83
What are the prime factors of 72386?
2, 17, 2129
What are the prime factors of 4868?
2, 1217
What are the prime factors of 549?
3, 61
What are the prime factors of 1925?
5, 7, 11
What are the prime factors of 15363?
3, 569
What are the prime factors of 12183?
3, 31, 131
What are the prime factors of 22412?
2, 13, 431
What are the prime factors of 7942?
2, 11, 19
List the prime factors of 35954.
2, 17977
What are the prime factors of 8923?
8923
List the prime factors of 682.
2, 11, 31
List the prime factors of 8104.
2, 1013
List the prime factors of 1351.
7, 193
What are the prime factors of 6179?
37, 167
What are the prime factors of 209?
11, 19
What are the prime factors of 29379?
3, 7, 1399
List the prime factors of 6236.
2, 1559
What are the prime factors of 109003?
19, 5737
What are the prime factors of 1509?
3, 503
List the prime factors of 673.
673
List the prime factors of 19186.
2, 53, 181
What are the prime factors of 1358?
2, 7, 97
What are the prime factors of 1771?
7, 11, 23
List the prime factors of 103073.
59, 1747
List the prime factors of 91809.
3, 101
List the prime factors of 913.
11, 83
List the prime factors of 5815.
5, 1163
What are the prime factors of 5326?
2, 2663
List the prime factors of 45748.
2, 11437
List the prime factors of 25514.
2, 12757
List the prime factors of 13812.
2, 3, 1151
List the prime factors of 11657.
11657
What are the prime factors of 345?
3, 5, 23
What are the prime factors of 2514?
2, 3, 419
What are the prime factors of 7978?
2, 3989
List the prime factors of 2129.
2129
What are the prime factors of 824?
2, 103
List the prime factors of 7599.
3, 17, 149
What are the prime factors of 178?
2, 89
What are the prime factors of 46235?
5, 7, 1321
What are the prime factors of 2588?
2, 647
What are the prime factors of 186166?
2, 93083
List the prime factors of 2766.
2, 3, 461
What are the prime factors of 10264?
2, 1283
List the prime factors of 15465.
3, 5, 1031
List the prime factors of 6368.
2, 199
What are the prime factors of 189?
3, 7
What are the prime factors of 547?
547
What are the prime factors of 54229?
7, 61, 127
What are the prime factors of 15997?
17, 941
List the prime factors of 14747.
14747
List the prime factors of 196.
2, 7
What are the prime factors of 933?
3, 311
List the prime factors of 593.
593
List the prime factors of 10611.
3, 131
List the prime factors of 10097.
23, 439
List the prime factors of 18410.
2, 5, 7, 263
List the prime factors of 106033.
106033
What are the prime factors of 13831?
13831
What are the prime factors of 99965?
5, 19993
List the prime factors of 201.
3, 67
What are the prime factors of 8205?
3, 5, 547
List the prime factors of 4611.
3, 29, 53
What are the prime factors of 3181?
3181
What are the prime factors of 5109?
3, 13, 131
What are the prime factors of 758?
2, 379
List the prime factors of 3350.
2, 5, 67
What are the prime factors of 28370?
2, 5, 2837
What are the prime factors of 937?
937
List the prime factors of 7968.
2, 3, 83
List the prime factors of 1922.
2, 31
List the prime factors of 9963.
3, 41
List the prime factors of 36689.
19, 1931
What are the prime factors of 1297?
1297
List the prime factors of 13752.
2, 3, 191
What are the prime factors of 3326?
2, 1663
What are the prime factors of 18028?
2, 4507
What are the prime factors of 60464?
2, 3779
List the prime factors of 7955.
5, 37, 43
What are the prime factors of 6343?
6343
List the prime factors of 167320.
2, 5, 47, 89
List the prime factors of 5591.
5591
What are the prime factors of 36233?
19, 1907
List the prime factors of 26837.
47, 571
List the prime factors of 919.
919
List the prime factors of 10531.
10531
What are the prime factors of 13741?
7, 13, 151
List the prime factors of 33158.
2, 59, 281
What are the prime factors of 26